 -9 + -2.
-15
What is the value of -5 + (5 + -4 - (1 - (0 + 4)))?
-1
Evaluate (-11 - -47) + -11 + -37.
-12
10 - ((-2 - -3) + -7 + 19 + -5)
2
What is the value of 3 - (6 - (34 - 0 - (1 - -8)))?
22
(28 - (16 + 21)) + 28
19
Evaluate 4 + (-20 - -6) - (-4 - -2 - -2).
-10
What is the value of 2 + -3 + -4 + 37 + -46?
-14
Evaluate -9 - 22 - -5 - 19 - -15.
-30
What is the value of 17 + -16 + 1 - (2 + -2 + 9)?
-7
Calculate 2 - -24 - (-17 - (-63 + 48)).
28
(13 - (31 + -23)) + -16 + -1 + -5
-17
What is (-17 - 0) + (-53 - (-3 - 65))?
-2
What is 4 + (17 - 7) + 0?
14
Evaluate -12 + (-20 - -11 - -23).
2
What is the value of 89 + -36 + -56 - (1 - 17)?
13
Evaluate (0 - 0) + (-18 - -21) + 0 + -8.
-5
Calculate -5 + (13 - (9 + 10)).
-11
What is the value of -11 + (-18 - (11 - 17 - 5))?
-18
27 + 2 - 38 - 1
-10
What is 10 + (-8 - (-7 - -4)) - 15?
-10
What is the value of 23 - ((-19 - (-29 - -17)) + 14)?
16
477 + -497 + 19 + -2
-3
-5 - (22 - 47) - 8
12
5 - -4 - 14 - ((3 - -3) + 11)
-22
Evaluate 2 + (9 + -4 - -8) + 1.
16
-9 + -1 - 0 - (-118 - -72 - -25)
11
What is the value of 1 + -17 - ((-16 - 10) + (24 - -9))?
-23
Calculate (-5 + -3 - -5 - -8) + 0 + 0.
5
What is the value of 0 + 3 - (-367 + 359)?
11
Calculate 0 + -9 + -43 + 50 + -1 + -5.
-8
What is the value of -8 + (-3 - -6) - (-9 + (16 - 12))?
0
Calculate (-39 - (8 - 3 - 14)) + (1 - -2).
-27
What is 4 + -30 + (-4 - (11 - 35 - -11))?
-17
What is the value of -11 - (-8 - 2) - (7 + -3 + 8)?
-13
What is 29 - (3 - -19 - 11)?
18
Evaluate (-29 - -21) + -1 + (1 - -2 - -2).
-4
Evaluate 15 + (-18 - -11) - (1 - 6).
13
What is 196 - 200 - ((-2 - (21 - -1)) + 3)?
17
Calculate -487 - -469 - (0 + -7).
-11
What is 0 + (-1 - -7) - (-15 + -43 + 60)?
4
Evaluate 18 + -13 + 3 + 12.
20
What is the value of (-4 - -7) + (-15 - 1)?
-13
What is the value of -8 - (-35 - -19 - 5)?
13
6 + -49 + -6 + 18
-31
Calculate -48 - (-21 + -14) - -4.
-9
What is the value of (-4 - -1) + 8 + -7 - (-6 + 10)?
-6
Calculate 26 - (-2 + (-3 - 0) + -31 + 41).
21
What is 5 - (0 + 4 + 3) - 6?
-8
What is 10 - (10 - (13 + -9))?
4
What is the value of -10 + (21 - 21) - (-3 - 9)?
2
What is -15 + (-11 - -38 - 32)?
-20
What is the value of 0 + (-6 - 5 - 1) + 27?
15
(35 - 48) + 4 - -12
3
Calculate (-2 - ((4 - (1 - 2)) + -4)) + 4.
1
13 - (-15 - (9 - 44 - 4))
-11
Evaluate 26 + (-1 - 2) - (67 + -54 + -23).
33
Evaluate 54 - 44 - (6 + 0) - -4 - -11.
19
Calculate 54 + -70 + (36 - -8).
28
Calculate -31 + 3 - (-2 + (-10 - 4)).
-12
-9 + 2 + (-27 - -22)
-12
Evaluate (6 - 3) + (-15 + 26 - 23).
-9
What is the value of 7 + 7 + (1 - (-3 + (7 - 3)))?
14
Evaluate 1 + 5 - (-7 + -3 + (-14 - -15)).
15
Calculate 10 - (8 - (-3 - 11)).
-12
What is (-11 - ((2 + 8 - 6) + -24)) + 11?
20
Evaluate 26 + -13 + -16 - (-7 - -1) - -1.
4
What is the value of 27 - 39 - (-1 + -2 - 3) - 7?
-13
What is 2 + -12 - (238 + -247)?
-1
Evaluate 6 - (1 - -21 - (-2 - (-10 - -3))).
-11
Calculate (16 - 44) + 12 - (7 - -7).
-30
What is 12 + 11 + 1 + -13 + 0 + -4?
7
22 + -21 + -6 + (3 - 13)
-15
What is 5 + (-4 - -5 - -2)?
8
What is (13 - (-7 + 11)) + 6 + -4?
11
Evaluate -75 + 81 + 0 + -1 + 2.
7
What is the value of 1 - -12 - (24 + -8 + -14)?
11
Evaluate -4 + 11 + 6 + -24.
-11
(13 + -21 - -22) + -4 + -1
9
8 - (2 + -5 - -15)
-4
(-102 + 93 - (0 + 2)) + 10
-1
What is -5 - (-6 - (-8 + 8 + -5)) - -25?
21
What is the value of 11 + 1 + 33 + -56?
-11
What is the value of (3 - -1) + 10 - (4 + 0 + 5)?
5
-1 + 5 - (4 + (4 - 2))
-2
Evaluate 23 + (17 - 20) + -6.
14
What is the value of (-21 - (1 + -3)) + (29 - 17)?
-7
9 + 1 + -1 - (-50 + 9 - -45)
5
-3 + 20 + 4 + -18
3
What is (-42 - -23 - -44) + -21?
4
Calculate (-12 - (-5 - 16)) + -6.
3
What is -2 - -3 - 2 - (0 + 36 - 9)?
-28
Evaluate 4 + 1 - 18 - -19.
6
What is -9 + 0 + -1037 + 1015?
-31
Evaluate 53 - 5 - (6 - (-9 - -4 - 0)).
37
Evaluate 2 + (16 + -2 - (5 - -1)).
10
17 + 1 - (-80 - -87) - 31
-20
Evaluate (-38 - -19) + (-4 - -46) + -5.
18
Evaluate -3 + 11 - (-30 - -44).
-6
What is the value of 4 + -4 + 9 + (3 - 0)?
12
What is (2 - (-3 - -10)) + -43 + 52?
4
(-27 + 19 - (3 + 7 + 4)) + 7
-15
Evaluate 6 - 0 - (5 + (-3 - 3)).
7
-7 + -1 + (4 + -19 + 35 - 16)
-4
Evaluate 19 + 0 + (23 + -24 + 9 - 16).
11
-8 + 10 - 9 - -31
24
-5 + (-3 - 0) + (4 - -3)
-1
What is -89 + 129 - (37 + -1)?
4
-1 + (7 - 4 - 2) - -4 - 3
1
Calculate 2 - (-9 - (-1 + -3 + -10)).
-3
34 + -20 - (16 + -1)
-1
What is the value of -8 - (-35 + (-5 - (1 + -4) - -9))?
20
What is the value of 7 + (6 - (32 - 8))?
-11
What is 10 + -6 - (-3 + 26 + -12)?
-7
What is the value of (-14 - -10 - (0 + 3)) + (-1 - -22)?
14
Evaluate 37 + (-8 - 5 - (26 - 29)).
27
What is 0 + (-9 - (-5 - (-18 - -9)))?
-13
(13 - 4) + -27 - -13
-5
Evaluate (-21 - (-20 - 24)) + 11 + (-8 - 0).
26
Calculate -5 - 40 - -34 - -42.
31
Calculate 5 - 11 - -12 - (2 - -6).
-2
-19 + 8 + -1 + 12 - -5
5
Evaluate (-98 - -109 - (-2 + 12)) + (-1 - -27).
27
Evaluate (-1 - (5 - 3)) + (11 - 1) + 6.
13
What is (6 - 21) + -23 - -25?
-13
What is -1655 + 1662 + (4 + -2 - -20)?
29
Calculate 0 - ((-176 - -178) + -1 + -9).
8
-18 + (-13 - -7) + 9 + 30
15
What is the value of 7 - (3 + (4 - -4))?
-4
What is -3 - (7 - (-27 - -11))?
-26
Evaluate -30 + 19 + 19 - (16 + -1).
-7
What is the value of -11 - (-12 + (18 - 10))?
-7
Evaluate 27 + 18 + -55 + 40.
30
2 + (-7 - (-3 - (-3 + 4))) + -12
-13
Calculate -27 + (36 - 14) + 34.
29
What is 6 - -18 - 9 - 17?
-2
Evaluate (21 - 11) + -11 - (-5 - (2 + -2)).
4
1 + 16 - 20 - (-2 + -5)
4
What is (-2 + 1 - 1) + 336 + -331 + 1?
4
Calculate 6 - (6 + -2 + -10 - (-23 + 0)).
-11
Evaluate 25 + -35 + (-1 - -22) + -20.
-9
What is the value of 2 - (-1 + 0 + 0) - (-1291 + 1314)?
-20
Calculate (-43 - -81) + -11 + -9.
18
Evaluate (18 - 15) + -17 + 15 + -11.
-10
0 - (36 - (13 + 8))
-15
What is the value of (-20 - (15 + -28)) + 15 - 27?
-19
What is -2 + 10 + (-20 - 2) - (1 + -8)?
-7
Evaluate -49 + 56 - ((21 - 3) + (-2 - -2)).
-11
1 + 2 - (-30 - -3 - -29)
1
16 + -13 - (-3 - 1 - 0)
7
Evaluate -1 - 3 - (-9 - 5) - 3 - -3.
10
Evaluate 0 + 0 - (27 + -17 + 4).
-14
Evaluate -8 + -13 - -25 - (5 + -2).
1
Evaluate (1 - 1) + (5 - 8 - 4).
-7
What is the value of -14 + 26 + (29 - 19)?
22
What is -8 + (-3 - (-2 + -4) - 5) - 8?
-18
Evaluate -19 - (-18 + 12 + (-2 - -2 - 1)).
-12
What is the value of 13 + -17 + 2 + 4?
2
Calculate 4 + 18 + -6 + (15 - 30).
1
What is (-11 - (-17 + 31)) + 35?
10
What is the value of (0 - (6 + 0)) + (-1831 - -1847)?
10
What is the value of -13 + (21 + -19 - (3 - -9))?
-23
0 + -3 + (-1 + 9 + 2 - 5)
2
What is 17 + -21 + 4 + 13?
13
Calculate 71 + -99 + 1 + 5.
-22
0 + 0 + (1 - -5 - 8)
-2
Calculate 26 - (17 - 9) - 14.
4
-24 + 28 + 15 + -12 + (-11 - 1)
-5
Calculate (-32 - -26) + (3 + -4 - 7).
-14
-33 + (-1 - -27) + -19
-26
Calculate 1 + 7 + -10 + -25 + 36.
9
What is the value of -7 - (-1 + -9) - (4 - 12)?
11
What is the value of -6 + -2 - (-15 + 5)?
2
Evaluate (-10 + -14 - -7 - -13) + 21.
17
Evaluate (15 - (-8 + -5)) + -23.
5
What is the value of (1 - (-11 - 0) - (7 + 0)) + -4?
1
-1 + 0 + (22 - (9 - -9))
3
What is (22 - (7 + (-3 - 1) + 2)) + -1?
16
Evaluate -18 + 13 + -9 - (-5 + -6).
-3
What is the value of (-24 - -4) + 31 + 1?
12
21 + (-26 - (-7 - -8))
-6
-5 + 11 - (-22 - -29)
-1
What is -10 + (-1 + 4 - -8)?
1
Calculate 17 + 36 + -35 - 9.
9
Calculate 4 - ((-8 - 4) + 4) - 10.
2
What is (2 - (5 + (-7 - -8))) + -6?
-10
Calculate -7 + (14 - (0 + -1 - (1 + 3))).
12
What is 2 + (7 - (-6 + 4) - (-1 - -10))?
2
Evaluate 28 - (36 - 64 - -30).
26
Evaluate 2 + 5 + -20 - (0 + 2).
-15
What is (2 - 1) + ((21 - -13) + -20 - 12)?
3
Evaluate 14 - 8 - 14 - (17 + -25).
0
What is the value of -8 + -5 + 36 - 21?
2
What is 16 - ((-6 - -10 - (5 - -2)) + 2)?
17
8 - ((115 - 90) + -1 + 8)
-24
Evaluate -6 + 7 + (-4 - (-4 + 5)) + 5.
1
Evaluate (2003 - 2000) + (4 + -1 - -1).
7
Evaluate 13 + 33 + -33 - 40.
-27
What is the value of 15 - (-5 - (-8 - 7))?
5
What is -4 + 1 + (4 + -11 + 8 - 5)?
-7
Evaluate (-1 - 1) + -30 + 26 + 15.
9
Calculate 17 - (35 + -8 - 11).
1
What is (8 - ((22 - 9) + 4) - -1) + -13?
-21
What is the value of (-8 + 6 - -12) + 13 + -8?
15
What is the value of (-6 - 18) + (-2 - (10 + -15 + 2))?
-23
Calculate -13 + -18 + 14 + 4.
-13
What is the value of -360 + 359 - (-1 - (1 - 1) - -2)?
-2
What is -24 + 4 + 21 + 14 + 0?
15
Calculate (-1 - 1) + -8 + (50 - 44).
-4
(-6 - -4) + -6 